{"id":96,"date":"2020-05-16T17:07:27","date_gmt":"2020-05-16T20:07:27","guid":{"rendered":"http:\/\/localhost:8080\/template_wp\/?page_id=96"},"modified":"2020-05-19T17:07:24","modified_gmt":"2020-05-19T17:07:24","slug":"impressum","status":"publish","type":"page","link":"https:\/\/www.mcbau.gmbh\/?page_id=96","title":{"rendered":"Impressum"},"content":{"rendered":"\n<p><strong><strong>|*terrera_companyname*|<\/strong><\/strong><br>|*terrera_headcompany*|,<br>|*terrera_companynumber*|<\/p>\n\n\n\n<p>|*terrera_address*|<\/p>\n\n\n\n<p>|*terrera_zipcode*|<br>|*terrera_phones*|<\/p>\n\n\n\n<p><a href=\"http:\/\/|*siteurl*|\">|*siteurl*|<\/a><br><a href=\"mailto:|*terrera_email*|\" target=\"_blank\" rel=\"noreferrer noopener\">|*terrera_email*|<\/a><\/p>\n\n\n\n<p><strong>Haftungsweise<\/strong>: Trotz sorgf\u00e4ltiger inhaltlicher Kontrolle \u00fcbernehmen wir keine Haftung f\u00fcr die Inhalte externer Links. F\u00fcr den Inhalt der verlinkten Seiten sind ausschlie\u00dflich deren Betreiber verantwortlich. Design, Layout, Script und Quelltext und andere Inhalte sind laut \u00a716 Urheberrechtsgesetz rechtlich gesch\u00fctzt. Die Kopie, Vervielf\u00e4ltigung, Ver\u00e4nderung, Bearbeitung des Quellcodes, Designs, Scripts und Layout ist strengstens untersagt und nur mit schriftlicher Genehmigung von Terrera AG erlaubt!<\/p>\n","protected":false},"excerpt":{"rendered":"<p>|*terrera_companyname*||*terrera_headcompany*|,|*terrera_companynumber*| |*terrera_address*| |*terrera_zipcode*||*terrera_phones*| |*siteurl*||*terrera_email*| Haftungsweise: Trotz sorgf\u00e4ltiger inhaltlicher Kontrolle \u00fcbernehmen wir keine Haftung f\u00fcr die Inhalte externer Links. F\u00fcr den Inhalt der verlinkten Seiten sind ausschlie\u00dflich deren Betreiber verantwortlich. Design, Layout, Script und Quelltext und andere Inhalte sind laut \u00a716 Urheberrechtsgesetz rechtlich gesch\u00fctzt. Die Kopie, Vervielf\u00e4ltigung, Ver\u00e4nderung, Bearbeitung des Quellcodes, Designs, Scripts und Layout ist [&hellip;]<\/p>\n","protected":false},"author":1,"featured_media":0,"parent":0,"menu_order":0,"comment_status":"closed","ping_status":"closed","template":"","meta":[],"_links":{"self":[{"href":"https:\/\/www.mcbau.gmbh\/index.php?rest_route=\/wp\/v2\/pages\/96"}],"collection":[{"href":"https:\/\/www.mcbau.gmbh\/index.php?rest_route=\/wp\/v2\/pages"}],"about":[{"href":"https:\/\/www.mcbau.gmbh\/index.php?rest_route=\/wp\/v2\/types\/page"}],"author":[{"embeddable":true,"href":"https:\/\/www.mcbau.gmbh\/index.php?rest_route=\/wp\/v2\/users\/1"}],"replies":[{"embeddable":true,"href":"https:\/\/www.mcbau.gmbh\/index.php?rest_route=%2Fwp%2Fv2%2Fcomments&post=96"}],"version-history":[{"count":13,"href":"https:\/\/www.mcbau.gmbh\/index.php?rest_route=\/wp\/v2\/pages\/96\/revisions"}],"predecessor-version":[{"id":180,"href":"https:\/\/www.mcbau.gmbh\/index.php?rest_route=\/wp\/v2\/pages\/96\/revisions\/180"}],"wp:attachment":[{"href":"https:\/\/www.mcbau.gmbh\/index.php?rest_route=%2Fwp%2Fv2%2Fmedia&parent=96"}],"curies":[{"name":"wp","href":"https:\/\/api.w.org\/{rel}","templated":true}]}}